e the prime factors of 43034883?
3, 14344961
List the prime factors of 114341493.
3, 7, 389, 13997
What are the prime factors of 112396438?
2, 7, 11, 19, 107, 359
List the prime factors of 1965437193.
3, 23, 28484597
What are the prime factors of 323278525?
5, 131, 98711
List the prime factors of 11227775.
5, 13, 179, 193
List the prime factors of 217848711.
3, 37, 97, 20233
What are the prime factors of 614018736?
2, 3, 31, 263, 523
List the prime factors of 8870516.
2, 197, 11257
What are the prime factors of 853200499?
197, 367, 11801
What are the prime factors of 1927118592?
2, 3, 7, 119489
What are the prime factors of 730016712?
2, 3, 375523
List the prime factors of 1649152390.
2, 5, 7121, 23159
List the prime factors of 8158492484.
2, 2039623121
List the prime factors of 106847381.
3769, 28349
List the prime factors of 551981335.
5, 71, 1554877
List the prime factors of 46341835.
5, 2087, 4441
What are the prime factors of 92920657?
17, 577, 9473
What are the prime factors of 3066898?
2, 53, 28933
List the prime factors of 50236548.
2, 3, 223, 18773
What are the prime factors of 2027028795?
3, 5, 11, 12285023
What are the prime factors of 55840710?
2, 3, 5, 523, 3559
What are the prime factors of 1289490040?
2, 5, 67, 481153
What are the prime factors of 709442672?
2, 19, 2333693
List the prime factors of 259919594.
2, 11, 557, 21211
List the prime factors of 1929210420.
2, 3, 5, 73, 337, 1307
What are the prime factors of 1630017536?
2, 7, 37, 439
What are the prime factors of 1415433814?
2, 157, 4507751
List the prime factors of 1562024407.
43, 36326149
List the prime factors of 140867752.
2, 17608469
List the prime factors of 1390206716.
2, 97, 3583007
What are the prime factors of 753473322?
2, 3, 7, 5979947
What are the prime factors of 573048372?
2, 3, 13, 3673387
List the prime factors of 32680751.
461, 70891
List the prime factors of 23058903.
3, 7, 23, 47741
List the prime factors of 39762077.
39762077
What are the prime factors of 298846040?
2, 5, 37, 201923
What are the prime factors of 460274609?
17, 27074977
What are the prime factors of 1031786604?
2, 3, 28660739
List the prime factors of 5249940466.
2, 1061, 2474053
What are the prime factors of 21919245?
3, 5, 1461283
What are the prime factors of 1009942335?
3, 5, 31, 723973
What are the prime factors of 543334653?
3, 337, 359, 499
List the prime factors of 1954208790.
2, 3, 5, 29, 509, 1471
What are the prime factors of 840691568?
2, 5167, 10169
What are the prime factors of 6027297128?
2, 29, 25979729
What are the prime factors of 1464884517?
3, 19889, 24551
List the prime factors of 95815689.
3, 17, 19, 61, 1621
List the prime factors of 577614574.
2, 288807287
List the prime factors of 14375559.
3, 11, 435623
List the prime factors of 5343909816.
2, 3, 7, 67, 9689
List the prime factors of 26063571.
3, 223, 38959
What are the prime factors of 53717639?
3923, 13693
List the prime factors of 66239068.
2, 7, 2365681
What are the prime factors of 1536373651?
113, 13596227
List the prime factors of 15907220.
2, 5, 7, 113623
What are the prime factors of 42847356?
2, 3, 19, 187927
What are the prime factors of 14279834?
2, 7139917
List the prime factors of 80040014.
2, 89, 449663
List the prime factors of 31005408.
2, 3, 7, 29, 37, 43
List the prime factors of 299281812.
2, 3, 31, 804521
What are the prime factors of 1304299551?
3, 17, 227, 112663
What are the prime factors of 71489225?
5, 1579, 1811
What are the prime factors of 4130215320?
2, 3, 5, 7, 11, 197, 2269
What are the prime factors of 1083363321?
3, 18679, 19333
What are the prime factors of 11246781?
3, 7, 13, 3169
List the prime factors of 2409659860.
2, 5, 23, 659, 7949
What are the prime factors of 354363475?
5, 14174539
What are the prime factors of 3590363247?
3, 137, 8735677
What are the prime factors of 117826334?
2, 19, 67, 46279
What are the prime factors of 291585299?
291585299
What are the prime factors of 6590220428?
2, 11, 761, 196817
List the prime factors of 4022081.
7, 17, 73, 463
List the prime factors of 405226619.
7, 8269931
List the prime factors of 59592429.
3, 13, 17, 3329
List the prime factors of 4632255204.
2, 3, 3391, 113837
What are the prime factors of 637310723?
7, 91044389
List the prime factors of 27132363.
3, 103, 29269
List the prime factors of 81611369.
7, 11658767
What are the prime factors of 1753531?
13, 134887
List the prime factors of 550892498.
2, 13, 19, 58693
What are the prime factors of 124906076?
2, 19, 1643501
List the prime factors of 156155171.
156155171
List the prime factors of 242409051.
3, 79, 113647
List the prime factors of 659747650.
2, 5, 839, 15727
List the prime factors of 656795138.
2, 191, 1719359
List the prime factors of 90786881.
90786881
List the prime factors of 1522651206.
2, 3, 17, 29, 514757
List the prime factors of 449436161.
449436161
What are the prime factors of 1951105705?
5, 1409, 276949
What are the prime factors of 135639522?
2, 3, 157, 5333
List the prime factors of 3570741256.
2, 317, 1408021
What are the prime factors of 199101770?
2, 5, 7, 2844311
What are the prime factors of 821599081?
179, 1373, 3343
List the prime factors of 21654449.
599, 36151
What are the prime factors of 2770342729?
7, 11, 17, 124493
What are the prime factors of 198916393?
13, 15301261
What are the prime factors of 694356740?
2, 5, 7, 11, 450881
What are the prime factors of 77245357?
7, 29, 109, 3491
List the prime factors of 3591787208.
2, 19, 1999, 11821
What are the prime factors of 671049602?
2, 17, 19736753
What are the prime factors of 6494454?
2, 3, 360803
What are the prime factors of 312292282?
2, 156146141
List the prime factors of 34367786.
2, 17183893
What are the prime factors of 3490320210?
2, 3, 5, 13, 2549, 3511
List the prime factors of 3364288376.
2, 29, 1097, 13219
What are the prime factors of 29764351?
2663, 11177
List the prime factors of 31065908.
2, 71, 109387
List the prime factors of 101922405.
3, 5, 13, 522679
What are the prime factors of 168195743?
223, 754241
What are the prime factors of 65921855?
5, 89, 148139
What are the prime factors of 4327387?
4327387
List the prime factors of 2053992.
2, 3, 23, 61
What are the prime factors of 111500474?
2, 19, 2934223
What are the prime factors of 1065913614?
2, 3, 19739141
List the prime factors of 581137556.
2, 71, 347, 5897
List the prime factors of 142542837.
3, 15838093
List the prime factors of 17661798.
2, 3, 7, 11, 12743
What are the prime factors of 34347473?
31, 281, 3943
List the prime factors of 1387277521.
7, 47, 83, 101, 503
List the prime factors of 2619705115.
5, 1747, 299909
What are the prime factors of 693480508?
2, 7, 191, 129671
What are the prime factors of 2018851741?
467, 4323023
What are the prime factors of 1989358475?
5, 13, 487, 12569
List the prime factors of 7993120955.
5, 107, 701, 21313
List the prime factors of 10189692.
2, 3, 94349
List the prime factors of 1860609385.
5, 2063, 180379
List the prime factors of 40322326.
2, 11, 1832833
List the prime factors of 260604811.
43, 83, 73019
List the prime factors of 1977882504.
2, 3, 13, 983, 6449
List the prime factors of 298570341.
3, 29, 1471, 2333
What are the prime factors of 371239348?
2, 53, 593, 2953
List the prime factors of 2288571155.
5, 13, 43, 173, 4733
List the prime factors of 23046213.
3, 29, 264899
What are the prime factors of 425882797?
425882797
List the prime factors of 245059563.
3, 7, 11669503
List the prime factors of 6701137015.
5, 1340227403
What are the prime factors of 147953751?
3, 11, 4483447
What are the prime factors of 85294625?
5, 13, 52489
List the prime factors of 348376835.
5, 17, 4098551
What are the prime factors of 1352312377?
13, 104024029
What are the prime factors of 13090130?
2, 5, 1309013
What are the prime factors of 285078322?
2, 2791, 51071
List the prime factors of 36485733.
3, 12161911
List the prime factors of 3369499295.
5, 673899859
List the prime factors of 123898593.
3, 7, 13, 73, 6217
What are the prime factors of 33808125?
3, 5, 13, 19, 73
What are the prime factors of 5821932549?
3, 1940644183
What are the prime factors of 5057162792?
2, 11, 57467759
List the prime factors of 130527010.
2, 5, 2423, 5387
What are the prime factors of 58884805